e greatest common divisor of l and 20?
4
Let h be ((-36)/(-10))/(2/10). Suppose p - 4*w - h = w, 4*w = 3*p - 21. What is the highest common divisor of 33 and p?
3
Let f(c) be the second derivative of 11*c**3/6 + 3*c**2/2 - c. Let l be f(3). What is the greatest common factor of l and 12?
12
Let s be (-4)/2 + 1*9. Let m(c) = 4 + c**2 - 3*c + 4*c - 6*c - 3. Let r be m(6). What is the highest common divisor of r and s?
7
Let c(n) = -n**3 - 8*n**2 + 4*n - 5. Let f be c(-8). Let t = 62 + f. Let o(g) = -g**2 - 6*g + 5. Let h be o(-6). What is the highest common factor of t and h?
5
Let s = -18 + 36. What is the greatest common divisor of s and 6?
6
Suppose -x + 80 = 4*d, 0*x = 2*x + d - 132. Calculate the greatest common factor of x and 16.
16
Let z = 0 - 1. Let q be -214*1/(-2) - z. What is the highest common factor of 12 and q?
12
Let h be (-105)/(-10)*2/3. What is the greatest common factor of 77 and h?
7
Let q(m) be the first derivative of m**3/3 + m**2/2 + 187*m + 5. Let v be q(0). What is the highest common factor of 17 and v?
17
Let a(d) = -12 + 4 - 1 - 18*d. Let u be a(-4). Calculate the highest common divisor of 7 and u.
7
Let b(n) = -9*n - 9. Let j be b(-11). Suppose -4*o + o = -30. What is the highest common factor of j and o?
10
Let c be ((-6)/(-4))/(-6 - 135/(-20)). Calculate the greatest common factor of 54 and c.
2
Let q be (-6)/(-2) - (3 - 10). Calculate the highest common divisor of 40 and q.
10
Suppose 212 = -0*n + 2*n - 5*v, -2*n - 2*v + 240 = 0. Calculate the greatest common factor of 29 and n.
29
Suppose t + 6 = 42. Calculate the highest common factor of 24 and t.
12
Suppose 0 = 2*h + h - 36. Let i be (8/10)/((-6)/(-15)). Suppose 316 = 4*a - 5*l, -i*a + 3*l = -3*a + 96. Calculate the greatest common factor of a and h.
12
Let r be 3 + -4 + -1 + 26. Let s(t) = 7*t**2 + t. Let c be s(-1). What is the highest common divisor of c and r?
6
Suppose -25*c = -26*c + 5. What is the greatest common factor of 1 and c?
1
Suppose -5*l - i + 26 + 0 = 0, -4*l + 24 = 4*i. Let k(b) = 5*b - 3*b + 2*b - 5 + b**2. Let f be k(5). Calculate the greatest common divisor of f and l.
5
Let p = -225 + 600. Let z = -21 + -167. Let i = p + z. Calculate the highest common divisor of 17 and i.
17
Let s(p) = 6*p**2 - 13*p + 16. Let n be s(8). Calculate the highest common factor of 37 and n.
37
Suppose 0 = 3*k - 12, 3*m - 4 - 7 = -2*k. Suppose -174 = -3*d - b + m, -5*d = 4*b - 280. Calculate the highest common divisor of d and 15.
15
Let o(r) = r**2 + 10*r + 11. Let t be o(-9). Suppose -4*a + 20 = 0, 4*a = -t*i - 2*i + 164. Calculate the highest common factor of 24 and i.
12
Suppose -4*d = -2*x - 244, -d + x + 54 = 4*x. Calculate the highest common divisor of 24 and d.
12
Let x be (-45)/(3/(-2)*1). Calculate the highest common factor of x and 10.
10
Suppose -3*u + 7*u = 396. Let b = 2 + 4. Suppose -28 = -4*i - 4*w, b*w + 45 = 3*i + 3*w. What is the highest common factor of i and u?
11
Let c(b) = -b + 9. Let h be c(7). Let k be 39 + 2 + 1 - h. Let g be ((-6)/4)/((-15)/k). What is the greatest common divisor of g and 8?
4
Let i = -5 + 6. Suppose -a - 3*s + 2 = 0, i = -a - 4*s + 2. Let k = a + -2. Calculate the highest common factor of k and 21.
3
Let r(l) = -87*l**3 + 2*l**2 - 1. Let b be r(-1). What is the greatest common divisor of b and 22?
22
Suppose 0 = -i - 0*i + 20. Calculate the greatest common factor of i and 220.
20
Let y(p) = p**2 + 16*p - 1. Let q be y(-19). Calculate the greatest common divisor of q and 14.
14
Let p(i) = 8*i + 3. Let w be p(6). Calculate the highest common factor of 17 and w.
17
Let z = 0 - -8. Suppose -47 = c + b - 207, 0 = -c - 4*b + 154. Suppose c = 5*m + s + s, m - 5*s = 27. Calculate the highest common divisor of z and m.
8
Let p = -36 + 90. Suppose 2*a = -2*a - 3*q + 46, 2*q - p = -5*a. Let r be (6/(-4))/(3/(-100)). What is the greatest common divisor of r and a?
10
Let m = 42 + -21. What is the greatest common divisor of m and 7?
7
Suppose -3*l = 2*o + l - 50, o - 5*l = 25. Let v(t) = 99*t + 2. Let k be v(2). Calculate the greatest common divisor of o and k.
25
Let b(c) = -6*c - 6. Let r be b(-7). Let k = -6 + r. Suppose -2*n = -2*j - 152, -2*n + 5*j = 2*n - 305. Calculate the highest common factor of n and k.
15
Let d(n) = -8*n - 8. Suppose -3*w - g + 20 = 0, -2*w + g + 3 = -17. Suppose -w = 5*k + 32. Let b be d(k). What is the greatest common divisor of 8 and b?
8
Let n(z) = 12*z - 2. Let o be n(11). Suppose -14*f + o = -9*f. Calculate the greatest common factor of 65 and f.
13
Let l be (4/2 - 3)*506. Let j = -285 - l. Suppose -9 = 5*k + 2*p - j, -4*k + p + 167 = 0. Calculate the greatest common divisor of k and 14.
14
Let o be 1/((-4 + 9)/1320). What is the greatest common factor of o and 33?
33
Let i be 4 + -8 + 26/1. Calculate the greatest common factor of 55 and i.
11
Suppose -1 + 4 = -3*q. Let z = q + 3. Suppose u - z = 3*u, -2*u = 2*j - 18. What is the greatest common divisor of j and 20?
10
Let n be ((-4)/18*-15)/((-2)/(-9)). What is the greatest common factor of n and 135?
15
Suppose -2*c = -0*c + 36. Let z = -8 - c. Suppose 0 = 2*x - 5*v + 4, -2*v - z = -2*x - 2. What is the highest common factor of 16 and x?
8
Let y = 74 - -57. Suppose 13 + 187 = 5*d. Let t = y - d. What is the greatest common divisor of 13 and t?
13
Let g be 234/30 + 3/15. Calculate the highest common divisor of 16 and g.
8
Let f = 16 + 20. What is the highest common factor of f and 18?
18
Let j = -95 + 123. What is the greatest common factor of j and 196?
28
Let w = -127 + 145. Calculate the greatest common factor of w and 198.
18
Suppose -b + 3*v = -2*v - 36, -2*v = 3*b - 23. What is the greatest common factor of 88 and b?
11
Suppose 0 = -2*a + 4 - 0. Suppose -a*q - 60 = -4*q. What is the highest common factor of q and 6?
6
Suppose 4*c - 3*l - 18 = -7, 2*l - 6 = 0. Calculate the greatest common divisor of c and 20.
5
Suppose 3*s = 7*s + 8. Let c be ((-8)/4)/(s*1). Let j = 11 + c. What is the greatest common divisor of j and 36?
12
Suppose h - 440 = -4*h. Let m be -4*12/(-16) + 8/1. What is the greatest common factor of m and h?
11
Let a(f) = -46*f + 6. Let h be a(-3). Let l be ((-2)/((-4)/78))/1. Let w = l - 21. Calculate the highest common factor of h and w.
18
Suppose 0 = 5*g - 5*z - 15, -z + 5*z = -2*g + 18. Calculate the greatest common factor of g and 30.
5
Let f be 6*(-40)/(-6)*1. Calculate the greatest common factor of f and 16.
8
Let h(w) = w**2 - 10. Let g be h(-8). What is the highest common factor of 18 and g?
18
Let y be -3*2/6*-18. Calculate the greatest common factor of 126 and y.
18
Let j(g) = -g**3 - 8*g**2 - 6*g + 9. Let l be j(-7). Let i be 0/(-3) + 2 + l. What is the greatest common factor of 44 and i?
4
Let h be 19/(-4)*-14 - 3/2. What is the highest common factor of h and 13?
13
Let r = 39 - 24. Let a = -28 - -18. Let m be a/2*2/(-2). What is the greatest common factor of r and m?
5
Suppose 0 = -3*q - 2*q + 875. Let a be q*2/(-8)*-4. What is the greatest common divisor of a and 25?
25
Suppose 5*u - 14 = 336. Suppose -5*a + 27 = -4*y - 93, 3*a = -3*y + 99. What is the greatest common factor of a and u?
14
Let s be 2 + (54/2)/3. Suppose 4 = 4*k - d, -k + d + 4 + 0 = 0. Let v(g) = g + 55. Let f be v(k). What is the highest common divisor of f and s?
11
Let x(s) = -4*s**2 - 8*s + 14. Let f(c) = -c**2 - c + 1. Let t(u) = 3*f(u) - x(u). Let g be t(-10). Calculate the greatest common divisor of 26 and g.
13
Let o be (24/1)/(7/((-84)/(-18))). Calculate the greatest common divisor of 24 and o.
8
Let f(m) = m**3 - 11*m**2 - 10*m - 5. Let n be f(12). Calculate the highest common divisor of n and 19.
19
Suppose d = 2*y - 5, -3*y + 7*d - 4*d = -15. Suppose y = 3*h - 4*h + 38. Calculate the greatest common divisor of 57 and h.
19
Let k(d) = -14*d + 13. Let p be k(-3). What is the highest common factor of p and 5?
5
Let k be 9*(-6)/12*4/(-3). What is the greatest common divisor of k and 60?
6
Suppose -4*o + 4*p + 0*p + 72 = 0, p = 4*o - 69. Suppose -71 = -3*n - o. Let a = -170 - -314. Calculate the greatest common divisor of a and n.
18
Let w be 4/(-14) - (-130)/14. What is the greatest common divisor of 3 and w?
3
Suppose 4*f - 5*h + 1 = 8, 4*h + 12 = 0. Let w be f*3/6 - -5. Calculate the greatest common factor of 6 and w.
2
Let x(w) 